{"id":1766,"date":"2023-10-30T15:10:28","date_gmt":"2023-10-30T15:10:28","guid":{"rendered":"https:\/\/it.wgsr.uw.edu.pl\/?page_id=1766"},"modified":"2025-11-18T09:33:18","modified_gmt":"2025-11-18T09:33:18","slug":"zakup-sprzetu","status":"publish","type":"page","link":"https:\/\/it.wgsr.uw.edu.pl\/index.php\/zakup-sprzetu\/","title":{"rendered":"Zakup sprz\u0119tu"},"content":{"rendered":"<p>Zakup sprz\u0119tu komputerowego jest uzale\u017cniony od jego parametr\u00f3w oraz sposobu finansowania.<\/p>\n<p><strong>Zam\u00f3wienie sprz\u0119tu z sukcesywnych dostaw<\/strong><\/p>\n<p>Najszybsz\u0105 \u015bcie\u017ck\u0105 zakupu jest zam\u00f3wienie produkt\u00f3w dost\u0119pnych w katalogu DWI UW zakupionych w ramach przetargu na sukcesywn\u0105 dostaw\u0119 sprz\u0119tu komputerowego. Lista dost\u0119pnych produkt\u00f3w znajduje si\u0119 tu: <a href=\"https:\/\/docs.google.com\/spreadsheets\/d\/1cHG0YXAuw-6ZYaEU7l5FoS9p8ZEPa_zi\/edit#gid=102056594\" target=\"_blank\" rel=\"noopener\">Cennik_komputery_drukarki<\/a>. Parametry poszczeg\u00f3lnych komputer\u00f3w mo\u017cna sprawdzi\u0107 tu: <a href=\"https:\/\/drive.google.com\/drive\/folders\/1sX6GtcOkf2DNxQSbkLv4lHvcSxjNqkwF\" target=\"_blank\" rel=\"noopener\">Informacje o produktach<\/a>. Zam\u00f3wienie odbywa si\u0119 poprzez wype\u0142nienie zapotrzebowania przez generator <a href=\"https:\/\/generator.ds.uw.edu.pl\/\" target=\"_blank\" rel=\"noopener\">DocSense<\/a> przy wsparciu Sekcji Wsparcia Inicjatyw Badawczych. Przed zam\u00f3wieniem prosz\u0119 zapozna\u0107 si\u0119 z <a href=\"https:\/\/drive.google.com\/file\/d\/1-1mcZul8me4s8MOJ7u8utftgL58ZVldp\/view\" target=\"_blank\" rel=\"noopener\">harmonogramem realizacji zam\u00f3wie\u0144 DWI<\/a>.<\/p>\n<p><strong>Zam\u00f3wienie sprz\u0119tu o wskazanych parametrach<\/strong><\/p>\n<p>W celu zam\u00f3wienia innego sprz\u0119tu lub takiego, kt\u00f3ry ma mie\u0107 lepsze parametry ni\u017c produkty z katalogu UW, nale\u017cy napisa\u0107 specyfikacj\u0119 danego sprz\u0119tu z wypisanymi parametrami. Opr\u00f3cz tego nale\u017cy wype\u0142ni\u0107 powy\u017csze zapotrzebowanie wybieraj\u0105c jako produkt &#8220;Sprz\u0119t wg w\u0142asnej specyfikacji&#8221;, poda\u0107 maksymaln\u0105 cen\u0119 oraz \u017ar\u00f3d\u0142o finansowania. Oba dokumenty nale\u017cy przes\u0142a\u0107 na mt.porczek@uw.edu.pl w celu weryfikacji oraz wype\u0142ni\u0107 <a href=\"https:\/\/docs.google.com\/forms\/d\/e\/1FAIpQLSeezmb2UwkObmDJSfgsCLFTFFsM2aisTh7698s84Z32mb59ZQ\/viewform?usp=sf_link\" target=\"_blank\" rel=\"noopener\">formularz wewn\u0119trzny WGSR<\/a>. Procedura zakupu obejmuje do\u0142\u0105czenie specyfikacji do najbli\u017cszego przetargu organizowanego przez WGSR lub DWI, przez co ca\u0142kowity czas zakupu mo\u017ce potrwa\u0107 nawet 6 miesi\u0119cy.<\/p>\n<p><strong>Zam\u00f3wienie akcesori\u00f3w komputerowych<\/strong><\/p>\n<p>W ofercie UW dost\u0119pne s\u0105 akcesoria komputerowe takie jak: pendrive&#8217;y, karty pami\u0119ci, torby i etui do laptop\u00f3w, myszy i klawiatury komputerowe, kable komputerowe transmisyjne i sieciowe. Zakup odbywa si\u0119 poprzez wype\u0142nienie odpowiedniego formularza dost\u0119pnego na stronie <a href=\"https:\/\/dzp.uw.edu.pl\/umowy-ogolnouniwersyteckie\/\" target=\"_blank\" rel=\"noopener\">Dzia\u0142u Zam\u00f3wie\u0144 Publicznych<\/a>. Nast\u0119pnie nale\u017cy uzyska\u0107 akceptacj\u0119 Sekcji Ekonomiczno-Finansowej oraz podpis w\u0142adz dzieka\u0144skich. Podpisany wniosek nale\u017cy wys\u0142a\u0107 na adresy podane na stronie.<\/p>\n<p>UWAGA: Zakup wymienionych produkt\u00f3w odbywa si\u0119 jedynie poprzez formularz. Nie ma mo\u017cliwo\u015bci zakupu podanych akcesori\u00f3w inn\u0105 drog\u0105.<\/p>\n<p>&nbsp;<\/p>\n<p>&nbsp;<\/p>\n<p>&nbsp;<\/p>\n<p>&nbsp;<\/p>\n","protected":false},"excerpt":{"rendered":"<p>Zakup sprz\u0119tu komputerowego jest uzale\u017cniony od jego parametr\u00f3w oraz sposobu finansowania. Zam\u00f3wienie sprz\u0119tu z sukcesywnych dostaw Najszybsz\u0105 \u015bcie\u017ck\u0105 zakupu jest zam\u00f3wienie produkt\u00f3w dost\u0119pnych w katalogu DWI UW zakupionych w ramach przetargu na sukcesywn\u0105 dostaw\u0119 sprz\u0119tu komputerowego. Lista dost\u0119pnych produkt\u00f3w znajduje si\u0119 tu: Cennik_komputery_drukarki. Parametry poszczeg\u00f3lnych komputer\u00f3w mo\u017cna sprawdzi\u0107 tu: Informacje o produktach. Zam\u00f3wienie odbywa si\u0119 [&hellip;]<\/p>\n","protected":false},"author":1,"featured_media":0,"parent":0,"menu_order":0,"comment_status":"closed","ping_status":"closed","template":"","meta":{"footnotes":""},"class_list":["post-1766","page","type-page","status-publish","hentry","post"],"_links":{"self":[{"href":"https:\/\/it.wgsr.uw.edu.pl\/index.php\/wp-json\/wp\/v2\/pages\/1766","targetHints":{"allow":["GET"]}}],"collection":[{"href":"https:\/\/it.wgsr.uw.edu.pl\/index.php\/wp-json\/wp\/v2\/pages"}],"about":[{"href":"https:\/\/it.wgsr.uw.edu.pl\/index.php\/wp-json\/wp\/v2\/types\/page"}],"author":[{"embeddable":true,"href":"https:\/\/it.wgsr.uw.edu.pl\/index.php\/wp-json\/wp\/v2\/users\/1"}],"replies":[{"embeddable":true,"href":"https:\/\/it.wgsr.uw.edu.pl\/index.php\/wp-json\/wp\/v2\/comments?post=1766"}],"version-history":[{"count":9,"href":"https:\/\/it.wgsr.uw.edu.pl\/index.php\/wp-json\/wp\/v2\/pages\/1766\/revisions"}],"predecessor-version":[{"id":1942,"href":"https:\/\/it.wgsr.uw.edu.pl\/index.php\/wp-json\/wp\/v2\/pages\/1766\/revisions\/1942"}],"wp:attachment":[{"href":"https:\/\/it.wgsr.uw.edu.pl\/index.php\/wp-json\/wp\/v2\/media?parent=1766"}],"curies":[{"name":"wp","href":"https:\/\/api.w.org\/{rel}","templated":true}]}}